me factors of 8358?
2, 3, 7, 199
List the prime factors of 4516389.
3, 501821
What are the prime factors of 6323730?
2, 3, 5, 7, 30113
What are the prime factors of 7902701?
7902701
List the prime factors of 597816.
2, 3, 19, 23
What are the prime factors of 18502977?
3, 6167659
List the prime factors of 444928.
2, 11, 79
List the prime factors of 119868.
2, 3, 7, 1427
What are the prime factors of 3044438?
2, 197, 7727
What are the prime factors of 682556?
2, 7, 19, 1283
List the prime factors of 3991182.
2, 3, 13, 51169
List the prime factors of 4410249.
3, 109, 13487
List the prime factors of 2701973.
491, 5503
What are the prime factors of 1355815?
5, 271163
What are the prime factors of 4419303?
3, 7, 17, 12379
List the prime factors of 1019948.
2, 254987
What are the prime factors of 548882?
2, 274441
List the prime factors of 2113559.
7, 17, 17761
List the prime factors of 2070643.
2070643
List the prime factors of 692096.
2, 5407
What are the prime factors of 71249?
71249
What are the prime factors of 1743688?
2, 31, 79, 89
List the prime factors of 766529.
37, 20717
What are the prime factors of 8429036?
2, 7, 11, 27367
What are the prime factors of 2116960?
2, 5, 101, 131
What are the prime factors of 2054047?
2054047
What are the prime factors of 388345?
5, 101, 769
What are the prime factors of 2779671?
3, 926557
List the prime factors of 851580.
2, 3, 5, 19, 83
List the prime factors of 166409.
166409
List the prime factors of 376387.
11, 34217
What are the prime factors of 1175777?
19, 3257
What are the prime factors of 475347?
3, 158449
List the prime factors of 778675.
5, 31147
What are the prime factors of 309232?
2, 7, 11, 251
List the prime factors of 591309.
3, 65701
What are the prime factors of 170358?
2, 3, 28393
List the prime factors of 816737.
59, 109, 127
What are the prime factors of 963235?
5, 7, 13, 29, 73
What are the prime factors of 126554?
2, 63277
What are the prime factors of 399160?
2, 5, 17, 587
What are the prime factors of 1405313?
7, 13, 15443
What are the prime factors of 423266?
2, 17, 59, 211
What are the prime factors of 2183386?
2, 113, 9661
What are the prime factors of 2161589?
139, 15551
List the prime factors of 254067.
3, 11, 7699
What are the prime factors of 320902?
2, 281, 571
List the prime factors of 13758875.
5, 13, 8467
What are the prime factors of 34589577?
3, 11, 17, 61657
List the prime factors of 665750.
2, 5, 2663
What are the prime factors of 7723571?
101, 76471
What are the prime factors of 123045?
3, 5, 13, 631
What are the prime factors of 2450692?
2, 227, 2699
List the prime factors of 1876520.
2, 5, 43, 1091
List the prime factors of 71609.
101, 709
List the prime factors of 3581566.
2, 1790783
What are the prime factors of 1737244?
2, 434311
List the prime factors of 7291893.
3, 7, 347233
List the prime factors of 69557.
69557
What are the prime factors of 2123316?
2, 3, 13, 349
What are the prime factors of 5507610?
2, 3, 5, 183587
List the prime factors of 1006590.
2, 3, 5, 13, 29, 89
List the prime factors of 5128306.
2, 163, 15731
List the prime factors of 1657053.
3, 184117
List the prime factors of 4804549.
19, 13309
What are the prime factors of 354841?
17, 20873
List the prime factors of 1324611.
3, 147179
What are the prime factors of 505479?
3, 13, 997
What are the prime factors of 464094?
2, 3, 19, 23, 59
What are the prime factors of 13797864?
2, 3, 107, 199
List the prime factors of 745863.
3, 248621
What are the prime factors of 32982?
2, 3, 23, 239
List the prime factors of 898772.
2, 7, 32099
List the prime factors of 1850273.
383, 4831
List the prime factors of 1754611.
653, 2687
List the prime factors of 120776.
2, 31, 487
List the prime factors of 1091375.
5, 8731
What are the prime factors of 478178?
2, 47, 5087
List the prime factors of 133474.
2, 11, 6067
What are the prime factors of 1388305?
5, 17, 16333
What are the prime factors of 2269327?
2269327
What are the prime factors of 29771496?
2, 3, 137831
What are the prime factors of 1912063?
1912063
List the prime factors of 1347856.
2, 61, 1381
What are the prime factors of 2236061?
17, 31, 4243
What are the prime factors of 481790?
2, 5, 48179
List the prime factors of 2334968.
2, 53, 5507
List the prime factors of 1783157.
59, 30223
What are the prime factors of 1688199?
3, 37, 67, 227
What are the prime factors of 371153?
371153
What are the prime factors of 507081?
3, 23, 7349
What are the prime factors of 9588365?
5, 37, 51829
What are the prime factors of 192904?
2, 24113
List the prime factors of 23572158.
2, 3, 349, 11257
What are the prime factors of 36800885?
5, 11, 669107
What are the prime factors of 783039?
3, 261013
List the prime factors of 452563.
47, 9629
List the prime factors of 10738151.
10738151
List the prime factors of 5078823.
3, 31, 97, 563
What are the prime factors of 1512381?
3, 13, 19, 157
List the prime factors of 1490573.
7, 31, 6869
List the prime factors of 623111.
197, 3163
List the prime factors of 2701593.
3, 33353
List the prime factors of 262137.
3, 59, 1481
List the prime factors of 15742650.
2, 3, 5, 7, 11, 29, 47
List the prime factors of 3007120.
2, 5, 37589
List the prime factors of 7599310.
2, 5, 131, 5801
What are the prime factors of 10322333?
7, 53, 27823
What are the prime factors of 1960369?
1960369
List the prime factors of 134236.
2, 37, 907
What are the prime factors of 11667667?
11, 211, 457
What are the prime factors of 76779?
3, 19, 449
What are the prime factors of 2701005?
3, 5, 23, 7829
List the prime factors of 152095.
5, 19, 1601
List the prime factors of 7145249.
23, 310663
List the prime factors of 75381.
3, 25127
List the prime factors of 16625743.
16625743
What are the prime factors of 2522704?
2, 157669
What are the prime factors of 719846?
2, 53, 6791
List the prime factors of 18809399.
7, 73, 36809
What are the prime factors of 836004?
2, 3, 13, 23, 233
List the prime factors of 1363227.
3, 454409
List the prime factors of 38709.
3, 11, 17, 23
List the prime factors of 1945733.
19, 102407
What are the prime factors of 117184?
2, 1831
What are the prime factors of 20120901?
3, 151, 44417
What are the prime factors of 1525838?
2, 762919
List the prime factors of 158442.
2, 3, 26407
List the prime factors of 661481.
661481
List the prime factors of 148250.
2, 5, 593
What are the prime factors of 220657?
263, 839
What are the prime factors of 23736851?
23, 919, 1123
What are the prime factors of 31650538?
2, 15825269
What are the prime factors of 272603?
272603
List the prime factors of 62802.
2, 3, 1163
List the prime factors of 712924.
2, 178231
List the prime factors of 3063815.
5, 612763
What are the prime factors of 460126?
2, 230063
List the prime factors of 7845184.
2, 37, 3313
List the prime factors of 11934371.
163, 211, 347
List the prime factors of 386156.
2, 19, 5081
List the prime factors of 3781384.
2, 23, 20551
List the prime factors of 3361518.
2, 3, 19, 9829
List the prime factors of 95691.
3, 167, 191
List the prime factors of 3266455.
5, 757, 863
List the prime factors of 763671.
3, 254557
List the prime factors of 6586721.
47, 140143
List the prime factors of 3390191.
7, 17, 31, 919
List the prime factors of 7647993.
3, 59, 4801
What are the prime factors of 7765325?
5, 383, 811
What are the prime factors of 237690?
2, 3, 5, 19, 139
What are the prime factors of 4405205?
5, 7, 125863
What are the prime factors of 186178?
2, 93089
List the prime factors of 1249996.
2, 11, 28409
List the prime factors of 2822950.
2, 5, 13, 43, 101
List the prime factors of 4263870.
2, 3, 5, 13, 29
What are the prime factors of 261135?
3, 5, 7, 829
What are the prime factors of 9137055?
3, 5, 41, 83, 179
List the prime factors of 364483.
7, 52069
List the prime factors of 12257731.
17, 721043
List the prime factors of 83937.
3, 7, 571
List the prime factors of 18885466.
2, 37, 255209
List the prime factors of 7178851.
37, 251, 773
List the prime factors of 748461.
3, 7, 29, 1229
List the prime factors of 1187768.
2, 148471
List the prime factors of 7684216.
2, 960527
List the prime factors of 411540.
2, 3, 5, 19
List the prime factors of 32883.
3, 97, 113
What are the prime factors of 7170242?
2, 103, 34807
What are the prime factors